actor of m and 1896.
24
Suppose -313*p + 99096 + 47388 = 0. Calculate the greatest common divisor of p and 13.
13
Suppose 16*n + 51935 = 52847. What is the highest common divisor of 2109 and n?
57
Suppose 3*i - 21 = -3*n, -31*i + 30*i = -5*n - 13. Calculate the highest common divisor of i and 2.
2
Let i = 810 - 816. Let d be (-560)/i - 28/(-42) - -5. Calculate the greatest common factor of d and 11.
11
Suppose -87 = -3*i + 3*z, 12*i + 111 = 16*i + z. Let m = 837 - 506. Let n = 639 - m. Calculate the highest common factor of i and n.
28
Let d = -61 + 66. Let j be (((-50)/(-8))/d)/((-2)/(-8)). Suppose 2*o = 10, -s + 245 = 2*s - j*o. What is the greatest common factor of 225 and s?
45
Suppose -7 = -t, 0 = 3*g + 15*t - 5*t - 5005. What is the highest common divisor of 893 and g?
47
Suppose 0 = 3*v - 103 - 128. Let y = -1294 - -1322. What is the highest common divisor of y and v?
7
Let y be 420/(-24)*(301/(-35) - -5). Calculate the highest common factor of 99 and y.
9
Let h be (78/104)/(2/1016). Let o be h - (-4)/((-20)/15). Calculate the greatest common divisor of o and 27.
27
Let x = -350 + 200. Let g be (x/45)/(1/(-15)*1). Suppose 51*f = g*f + 3. Calculate the highest common factor of f and 1.
1
Let m be (-2 + 4)*10413/(-18). Let p = m - -1650. Calculate the greatest common factor of p and 29.
29
Suppose -5*y = a - 111, 0 = -4*y + 2*a - 8 + 108. Calculate the highest common divisor of y and 31303.
23
Let a = 166 + -93. Suppose a = 4*l + 57. Suppose 2*n + 2*n - l*o - 432 = 0, 4*o = n - 96. Calculate the highest common divisor of 14 and n.
14
Let t = -1739 - -1782. Calculate the highest common factor of t and 1419.
43
Suppose 33*s - 58*s - 2947 = -7197. What is the greatest common factor of s and 544?
34
Let f be 104*(-18)/(-90)*-610*(-2)/8. Calculate the greatest common divisor of 91 and f.
13
Suppose 4*o - 1146 = -f, 0 = -3*f + 22*o - 21*o + 3451. Calculate the greatest common divisor of 69 and f.
23
Let w(x) be the second derivative of -25/2*x**2 + 43*x - 2*x**3 + 0 - 1/12*x**4. Let m be w(-9). Calculate the greatest common divisor of 2 and m.
2
Suppose 0 = -5*c + 410 - 150. Suppose 4*k - 11 + 3 = 0, 2*k - 19 = -5*d. Suppose 0 = -d*a - 8 + 242. Calculate the greatest common factor of a and c.
26
Let w(f) = -f**3 - 11*f**2 - 10*f - 22. Let a be w(-8). Let u = a - -459. What is the highest common divisor of u and 25?
25
Let y(u) = -2*u. Suppose 18*a - 17*a - 1 = 0. Let g be (-8 - (a - 1))/2. Let x be y(g). Calculate the greatest common divisor of x and 2.
2
Suppose -2*z + 4002 = 3*g, -1175*z + 1172*z - 4*g + 6006 = 0. What is the highest common factor of 210 and z?
30
Suppose 3 = 2*w - 2*g - 3, 2*w - 3*g = 1. Let j = 30156 + -30100. What is the highest common factor of w and j?
8
Suppose -5425 - 1400 = -15*t. Let i(k) = -4*k**2 - 61*k - 35. Let r be i(-14). What is the greatest common factor of t and r?
35
Let p = -42352 + 42682. Suppose 5*n - 678 = -18. What is the highest common divisor of p and n?
66
Let n = 629 + -887. Let b = -128 - n. Calculate the highest common divisor of b and 10.
10
Let m(n) = 7*n**2 - 4*n + 3. Let j be m(3). Let o be -2*((-423)/(-24))/(3/4). Let k = o + j. What is the highest common factor of k and 7?
7
Let k = -46 - -48. Let o be k/(-2) - (3 + -28). Let d be (21 - 25)*(-1 + -3). Calculate the greatest common factor of d and o.
8
Let w = -812 - -819. Let m be (-4 - (-4 + 2)) + 7. Suppose -t + m = -30. What is the highest common divisor of w and t?
7
Let x be -3 - (-63)/(-7)*(-4)/(-6). Let m be x/(-1*(7 - 3 - 3)). What is the highest common divisor of m and 1?
1
Suppose 0 = -247*q + 9211401 - 414249. Calculate the greatest common divisor of q and 212.
212
Suppose -333 + 181 = -4*d. Calculate the highest common divisor of d and 17594.
38
Let h(z) = -4*z**2 - 268*z + 957. Let m be h(-70). Let r(p) = -2*p - 3. Let l be r(-6). Calculate the highest common divisor of m and l.
9
Let s(v) = 2*v**3 - 88*v**2 - 167*v - 119. Let u be s(46). Calculate the greatest common factor of u and 102.
51
Let l = 31 - -246. Suppose -33*u - l = -970. What is the highest common factor of u and 231?
21
Suppose 2*v - 2*n = 300, 114*v + 314 = 116*v - 4*n. What is the greatest common factor of v and 1183?
13
Let j be (-1)/(-2 + (-17)/(-9)). Let b be (-320)/(-18) - (-2)/j. Let z be (32 - 47) + 38 - (2 + 9). What is the greatest common factor of b and z?
6
Suppose -41*n = -40*n - 8, -2*s = 4*n - 9652. Calculate the highest common factor of 650 and s.
130
Let z = -346 - -212. Let i = z - -154. What is the greatest common divisor of i and 55?
5
Let l be 12/510*5 + 588/204 + 1. Suppose 320 = 3*j + 2*j. What is the greatest common factor of j and l?
4
Suppose 5 - 3 = -4*p + 3*g, 3*p - 7*g + 30 = 0. What is the highest common divisor of 1014 and p?
2
Suppose -b + 280 = 3*b. Let i = -68 + b. Suppose -8*y = -54 - i. What is the highest common divisor of y and 14?
7
Suppose -75 = -p + 70. Suppose 5*f - 5*c - p = 0, 0*f + 3*f - 115 = -4*c. Calculate the highest common divisor of f and 264.
33
Suppose -3*j = -2*i - 41 + 55, -2*j = -4*i + 44. Let l be (-1 - 103)/((-2)/4). Calculate the highest common divisor of i and l.
13
Let m(y) = 24*y**2 + 67*y + 86. Let f be m(-5). What is the highest common divisor of f and 1350?
27
Let t be (-33)/3 + (-355)/(-1). What is the greatest common divisor of t and 104?
8
Suppose -2*k + 243 = -v, -116 - 242 = -3*k - 5*v. Calculate the greatest common factor of k and 913.
11
Suppose 4 - 62 = -29*u. Let x(k) = 4*k**2 - 6*k. Let r be x(u). Calculate the highest common divisor of 4 and r.
4
Let v(q) = 7*q**2 - 21*q - 26. Let g be v(-8). Let n = g + -408. Calculate the highest common divisor of 26 and n.
26
Suppose 3*c - 150 = -15. Let p = -10654 - -10729. Calculate the highest common factor of c and p.
15
Let w(l) = l**2 + 6 + 5*l + 8 - 10. Let c be w(-5). What is the greatest common divisor of c and 12?
4
Let f be (-45)/27 + (0 - (-8844)/9). Let v = f + -603. Calculate the greatest common factor of 27 and v.
27
Let q = -16 - -36. Let b be -1 - 1 - (1107/(-9) + 21). What is the greatest common divisor of q and b?
20
Let o(l) = 35*l**2 - 667*l + 54. Let h be o(19). Calculate the highest common divisor of h and 1416.
8
Let g = -17610 - -17622. What is the greatest common divisor of 10764 and g?
12
Let g = -185 - -202. What is the highest common factor of g and 1?
1
Let v(y) = -y**2 + 25*y - 56. Let d be v(14). Let o = d + -66. Calculate the greatest common divisor of o and 272.
16
Suppose -16*i - 1286 = -13686. Calculate the greatest common divisor of 62 and i.
31
Suppose -40*y - 3036 = -7*y. Let u be (-295)/(-2) + 322/y. Calculate the greatest common divisor of u and 16.
16
Suppose x - 3494 = 3*d, 34*d = -5*x + 39*d + 17530. Calculate the greatest common divisor of 8 and x.
8
Suppose 274 = 3*t + z, 2*t - z + 21 = 212. Calculate the highest common divisor of 6 and t.
3
Suppose 2*d + 3*b = 42, 3*d - b - 122 = -2*d. Suppose -20 - 76 = -3*s. Suppose -v - s = -3*v. What is the highest common factor of v and d?
8
Let o = 8131 - 8035. Calculate the highest common factor of 1664 and o.
32
Suppose 74*o - 9290 = 2*o - 2450. Calculate the greatest common factor of o and 76.
19
Let c be 180/(3 + -2)*1/(9/54). What is the greatest common factor of c and 105?
15
Suppose 235*o + 118*o - 2582195 = 0. What is the highest common factor of 105 and o?
35
Let c be (159/1)/((-11)/(-308)*42). Calculate the highest common divisor of c and 8.
2
Let r = 5807 + -5263. Let m(y) = 43*y - 22. Let a be m(2). What is the highest common factor of a and r?
32
Let n(i) = 548*i + 1653. Let d be n(-3). Calculate the highest common divisor of 15777 and d.
9
Suppose -3*l = -2*z - 21646, -7186 = 79*l - 80*l - 3*z. Calculate the highest common factor of l and 70.
70
Let g(t) = -3*t**2 - 22*t - 6. Let i(x) = -4*x**2 - 21*x - 5. Let d(m) = 6*g(m) - 5*i(m). Let n be d(14). Calculate the greatest common divisor of n and 21.
3
Let y(r) = 122*r - 1057. Let z be y(23). What is the greatest common divisor of z and 2067?
159
Let z be -1 + 11 - (-21)/(9 - 2). Let n(k) = 42 + z*k - 23*k + 9*k. Let x be n(17). Calculate the greatest common divisor of x and 10.
5
Suppose 5*j - 4*j + 898 = 5*r, 0 = 3*r + j - 542. Let q = -21 - -35. Suppose -11*s + q*s - r = 0. What is the highest c